 h = 398 + -256. What are the prime factors of h?
2, 71
Let t(c) = c**2 + 3. Let m be t(0). Suppose 4*y - y = h - 18, -4*h + 57 = m*y. What are the prime factors of h?
3, 5
Suppose -4*u + 5 = u. Suppose -4 + u = k. Let s = 13 + k. What are the prime factors of s?
2, 5
Suppose -10 = 6*n - 11*n. List the prime factors of n.
2
Suppose -4*n + 8 = 4*c, 5*c + 14 = 4*n - 21. Let y be (0 - c)/3*-24. List the prime factors of (-414)/y - (-2)/(-8).
17
Let n(y) = -8 + 11*y - 5*y - 4*y. Let x be n(6). Suppose x*d = 54 + 18. What are the prime factors of d?
2, 3
List the prime factors of 18/(-12)*368/(-3).
2, 23
Let h(w) = w**3 - 7*w**2 - 19*w + 13. Let k be h(9). Suppose -6*b + 28 = -2*b. Let l = b + k. What are the prime factors of l?
11
Suppose 4*u = -u - 65. Suppose 5*g + 3*f - 2 = -5, -5*g + f = 19. Let k = g - u. What are the prime factors of k?
2, 5
Let j(p) = -4*p**3 - 5*p**2 - 5 - 5*p + p + 5*p**2. List the prime factors of j(-2).
5, 7
Suppose -4*u - 31 = 3*h - 7, 0 = 4*u - 12. List the prime factors of ((-2)/3)/(2/h).
2
Suppose 2*b - 6*b = -56. List the prime factors of b/6 + (-1)/3.
2
Suppose -21*p = 2*p - 2852. List the prime factors of p.
2, 31
Let n be 12/(-30) - (-8)/(-5). List the prime factors of ((-10)/(-15))/(n/(-21)).
7
Let s(h) = h**2 - h - 2. Let w be s(2). Let b be 2 + -3 + 1 + 2. Suppose w*x = b*x - 18. What are the prime factors of x?
3
Let x = 677 - 481. List the prime factors of x.
2, 7
Let v = -3 - -28. List the prime factors of v.
5
Suppose 4*l - 544 = -4*f, -2*l + 548 = 4*f + 3*l. What are the prime factors of f?
2, 3, 11
Suppose -5*j + 733 = 4*b, 2*b + 2*j = -b + 541. What are the prime factors of b?
3, 59
Let o(c) = -c + 6. What are the prime factors of o(-19)?
5
What are the prime factors of ((-20)/3)/(((-56)/312)/7)?
2, 5, 13
Let u(k) = 7*k**2 + 2*k. Let h(x) = -3*x**2 - x. Let b(c) = 5*h(c) + 2*u(c). Let y be b(0). Suppose y = -5*z + 2*z + 15. List the prime factors of z.
5
Let t(q) = 11*q - 2. Let g(u) = -3*u + 2*u + u**2 - 2 + 3 + 2*u. Let m(p) = -g(p) + t(p). What are the prime factors of m(7)?
2, 3
Let u = -3 - -2. Let a = u - -5. List the prime factors of a.
2
Suppose w - 5*s + 2*s = 21, -5*w = -5*s - 55. Suppose 3*o - w = o. Suppose 4*k = -b + 3*b + 10, 0 = 3*k - o*b - 9. What are the prime factors of k?
2
Let m = -61 + 18. Let f = -29 - m. What are the prime factors of f?
2, 7
Let i = 5 + -5. Suppose i*f - 3*f = 0. Suppose 0 = 2*q + 2*w + 3*w - 14, -q - w + 7 = f. List the prime factors of q.
7
Let d(m) = -m**3 - 6*m**2 + 4*m - 3. Let v be d(-6). Let s = v - -62. List the prime factors of s.
5, 7
Let m be 1/2 - (-75)/6. Suppose 0 = 5*c - 46 + 16. Let t = m - c. What are the prime factors of t?
7
Let s be ((-106)/(-3))/(6/9). Suppose 0 = -5*u + 6*u - 4. Suppose -p = -u*x + s, -8*p = -5*x - 3*p + 85. What are the prime factors of x?
2, 3
Suppose 0 = 2*x - 3*x + 50. Let f(h) = h**2 + h. Let b be f(-3). Suppose -x = o - b*o. What are the prime factors of o?
2, 5
Let m(c) = -c + 33. List the prime factors of m(10).
23
Let u(x) = -4*x. Let o be u(5). Let v be (28/(-16))/(1/o). Suppose -3*q = 2*q - v. What are the prime factors of q?
7
Let k(v) = -6*v**2 + 13*v. Let d(h) = -5*h**2 + 12*h + 1. Let t(b) = -7*d(b) + 6*k(b). Let a be t(-5). What are the prime factors of (10/(-4))/(a/8)?
2, 5
Suppose 5*v = 8 + 2. What are the prime factors of ((-5)/v)/(7/(-28))?
2, 5
Suppose 14*p = 21*p - 1358. List the prime factors of p.
2, 97
Let n = 22 - 15. What are the prime factors of n?
7
What are the prime factors of 10/15*(-171)/(-6)?
19
Let a = 1 + 56. What are the prime factors of a?
3, 19
Let m(p) = p - 5. Let s be m(10). Suppose v = s*d - 48, -2*d - 2*v - 2*v = -6. What are the prime factors of d?
3
Let h = 225 + -157. List the prime factors of h.
2, 17
Let g(i) = 18*i**2 - 5*i - 5. List the prime factors of g(-2).
7, 11
Let y(b) = -b**2 - 10*b + 8. Let x be 19 - 2 - (1 + 1). Suppose x - 5 = -z. What are the prime factors of y(z)?
2
Let v(b) = b**2 + 6*b - 3. Let h be v(-7). Let j = -1 + h. Suppose -s - 16 = -j*s. What are the prime factors of s?
2
Let o be (55/22)/((-1)/(-2)). Suppose -v = 2*t - 6, -5*t = v - 2*t - 7. Suppose 8*y - 3*y = -v*q + 83, -o*q = -y + 5. List the prime factors of y.
3, 5
List the prime factors of 3/3*37/1.
37
Suppose -t = d - 4 - 36, -d - 4*t = -37. What are the prime factors of d?
41
Suppose 4*s = -5*t + 881, 2*t - 221 = 3*s + 136. List the prime factors of t.
3, 59
Suppose 5*i - 46 = -4*p - 18, -2*p = -i. Suppose -x - 3*g + 23 = 0, -2*g = p*x - 65 + 19. What are the prime factors of x?
23
Suppose 5*u + 18 = 2*u - 4*t, 0 = -2*u + 3*t + 5. What are the prime factors of u*(-6)/(1 - -1)?
2, 3
Let l be ((-8)/20)/(3/(-60)). Suppose -f = 3*f - l. List the prime factors of f.
2
Suppose -1 = -2*h + 7. Let n = h + -9. Let d = -3 - n. What are the prime factors of d?
2
Let u be ((-2)/(-6))/((-1)/15). Let i = u + 14. List the prime factors of i.
3
Let d(g) = -g + 8. Let i be (2 - 0)/(3/6). What are the prime factors of d(i)?
2
List the prime factors of 29/3 + 2/(-3).
3
Let v = 22 + -11. List the prime factors of v.
11
What are the prime factors of 7/(-7)*(-4 + -1)?
5
Suppose -4*o - 20 - 9 = 3*k, -5*o + 2*k = 19. Let c be (4 + -3)/((-1)/o). Suppose -3*d - 11 = -4*v, -3*v - 2*d + c = -d. List the prime factors of v.
2
Let y be 1/2 - 21/(-6). Suppose 3*t - y = 20. List the prime factors of t.
2
What are the prime factors of (-1)/3 + 1328/24?
5, 11
Suppose 0 = 2*s - 6*s. Let d(o) = -20*o + 36. Let k(m) = 7*m - 12. Let p(f) = 6*d(f) + 17*k(f). What are the prime factors of p(s)?
2, 3
Let j = 6 - 4. Suppose -j*z = 2, -2*w + 38 = 3*w - 3*z. List the prime factors of w.
7
Suppose -12 - 4 = -8*w. Suppose 5*i - 34 = -r, r = -3*i - 14 + 48. Suppose w*j + r = 4*j. List the prime factors of j.
17
Let k(d) be the first derivative of d**4/4 - 5*d**3/3 - 3*d**2 - d - 2. Let y be k(6). Let u = y + 4. List the prime factors of u.
3
What are the prime factors of (-5)/20 - (-867)/12?
2, 3
Let n(m) = m**3 - m**2 + 2*m + 4. Let a be n(3). Suppose -i + 3*i = a. List the prime factors of i.
2, 7
Suppose -129 - 11 = -5*w. Let z = -17 + w. Let i = 0 + z. What are the prime factors of i?
11
List the prime factors of 9 - (2/1 - 0).
7
Let d(u) be the first derivative of 3*u**2/2 - 3*u - 4. List the prime factors of d(7).
2, 3
Suppose -3*x + 2*z + 222 = 0, 289 = 4*x - 4*z - z. Suppose -m - x = -5*m. What are the prime factors of m?
19
Let p(a) = a**3 - 7*a**2 + 3*a + 2. Let f be p(7). Suppose -2*y = -z + f, -3*z + 97 = 2*z - y. What are the prime factors of z?
19
Let b(q) = 3*q**2 + 9*q + 2. List the prime factors of b(-6).
2, 7
Let p(z) = -9*z + 4. What are the prime factors of p(-4)?
2, 5
Let s(a) = -3*a + 9. Let r(g) = -g + 3. Let m(u) = -8*r(u) + 3*s(u). Let n be m(5). What are the prime factors of 76/6 - n/(-3)?
2, 3
Suppose -11*r - 5*j - 540 = -16*r, 324 = 3*r + 3*j. List the prime factors of r.
2, 3
Let k = 144 - 102. Suppose 0*g = -3*g + k. What are the prime factors of g?
2, 7
List the prime factors of ((-4)/8)/((-3)/(-24))*-23.
2, 23
Let v(q) = q**2 - 2 - 2 + 2. What are the prime factors of v(-4)?
2, 7
Suppose -n = -2*c - 25, 3*n + 0*n - 5*c = 77. What are the prime factors of n?
29
Let v = 6 + 253. List the prime factors of v.
7, 37
Let r = 61 + 8. List the prime factors of r.
3, 23
Let h(c) = -7*c - 2 - 6*c**2 + c**3 + 4 + 0. What are the prime factors of h(7)?
2
Suppose -f + 4 = f - 3*r, -2*r + 4 = 0. Let p = f - 0. Suppose -j + 3 + p = 5*m, -5*m = 5*j. List the prime factors of m.
2
Suppose -4*m + 171 = -109. List the prime factors of m.
2, 5, 7
Let i(p) = p**2 - 10*p + 9. Let g be i(9). Let o be (0/2 - 0) + -1. List the prime factors of g/o - -2*5.
2, 5
Let z(q) = -q**2 - 40*q + 23. List the prime factors of z(-18).
419
Let v be 8295/55 - (-4)/22. Suppose 3*j + 3*z = 27, -4*j + 5*z + 0*z = 0. Suppose v = j*h + 41. List the prime factors of h.
2, 11
Suppose 1400 = p + 7*p. List the prime factors of p.
5, 7
Suppose 0 = 2*t + 41 - 5. Let b = -4 - t. What are the prime factors of b?
2, 7
Suppose -4*w = -5*j - 219, -3*w = -w + 3*j - 93. List the prime factors of w.
3, 17
Let w(a) = a**3 - a + 2. Let k(z) = z**2 + 5*z - 4. Let r be -6*(-1 + 0 - -2). Let h be k(r). List the prime factors of w(h).
2
What are the prime factors of 